 - 761. Suppose -15*i = -12*i - c. Suppose -4*n = i - 618. List the prime factors of n.
2, 3, 5
Let l(s) = 2*s - 24. Let r be l(10). Let a(v) = -4*v**3 - v**2 - 7*v - 6. Let b be a(r). Suppose -3*w = -1018 + b. List the prime factors of w.
2, 3, 7
Let v(k) = 63*k**2 - 7*k + 218. List the prime factors of v(-13).
2, 3, 11, 83
Let h(p) = 44*p. Let q be h(-1). Let z be ((60/(-5))/3)/((-1)/(-32)). Let b = q - z. What are the prime factors of b?
2, 3, 7
Suppose 2*d + s + 1289839 = -3*d, 2*s - 1031874 = 4*d. What are the prime factors of ((-6)/8)/(138/d)?
2, 701
Suppose 0 = -5*l - 13 + 188. Let v = l - -242. List the prime factors of v.
277
Let i(h) = 153*h**2 - 6*h - 2. Let d be i(-3). Let p = d - 681. List the prime factors of p.
2, 89
Let b = -95 - -87. Let n be 4 + 0*2/b. List the prime factors of ((-1)/n)/((-5)/2780).
139
What are the prime factors of 3/(30/4) - (367166/10)/(-1)?
3, 12239
Suppose 3*g - 1064 = -4*g. Suppose -2*b - 5*r + g = 0, -5*b + 289 = 5*r - 106. What are the prime factors of 9/(84/b + -1)?
3
Let j(b) = 29*b**3 + 34*b**2 - 13*b + 65. List the prime factors of j(7).
11587
Let q(d) = -2*d**2 - 13*d + 3. Let g be (-4 + 7)*(0 - 10/(-6)). Let m be q(g). List the prime factors of (0 + m - -2*1)*-1.
2, 5, 11
Suppose 3*b + 3*d - 106 = -2*d, d + 172 = 4*b. Let r = b - 38. Suppose -2*l - r*t + 222 = 0, 2*l - 170 = 3*t + 38. What are the prime factors of l?
107
What are the prime factors of (492/30 + -16)*20890?
2, 2089
Suppose 0 = 2*m + 6*o - 8*o + 1170, -5*m - 2960 = 2*o. Let y = m - -946. List the prime factors of y.
2, 89
Let y(h) be the first derivative of -19 + 1/4*h**4 - 2/3*h**3 + 1/2*h**2 + 19*h. List the prime factors of y(0).
19
Let x(g) = 3*g**2 + 20*g + 2. Let c be (-12 - 0)*(3 + (-39)/12). Suppose -3*f = -4*z + 22, f + c*z - 44 = 6*f. List the prime factors of x(f).
2, 3, 17
List the prime factors of 534/(-623)*((-2)/(-2) + -3123).
2, 3, 223
Suppose 36*f = 870 + 570. Suppose 5*i - 5*o = 45, f = 4*i - 2*o - 6. What are the prime factors of i?
2, 7
Let c(w) = w**3 - 38*w**2 + 21*w + 143. What are the prime factors of c(38)?
941
Let b = -481 + 259. Let h = b + 511. What are the prime factors of h?
17
Let l = -2366 - -16214. List the prime factors of l.
2, 3, 577
Let o(z) = 312*z**2 + 10*z + 6. List the prime factors of o(7).
2, 23, 167
Let x(d) = d**2 - 4*d + 2. Let b be x(0). Let s(q) = 14 + 6*q**2 - 2*q**2 - 3*q**b + 7*q**2 - q + q**3. What are the prime factors of s(-6)?
2, 23
Let m = -47 - -49. Let j be (0*2/4)/1. Suppose j = m*z + 4*z - 492. List the prime factors of z.
2, 41
Suppose 0 = -c + 16*c - 7005. Let n = c + -283. List the prime factors of n.
2, 23
Let u(c) = -c**2 + 24*c - 58. Let p be u(21). Suppose 0 = -3*n - 4*f + 363, -n - n = p*f - 235. What are the prime factors of n?
5
Suppose 0*t + 2*t = -2*t. Let y be 1 - (-3)/(3 + t). Suppose 0 = 2*i + y*r - 62, -4*i - r = i - 135. List the prime factors of i.
2, 13
Let j(n) = 226*n + 118. Let g be j(-20). List the prime factors of (-1)/8 - (g/16 - -2).
3, 7, 13
Let l(b) = -b**2. Let u(q) = -4*q + 3 - 2 + 4 - 6 + q**2. Let d(y) = -3*l(y) - u(y). What are the prime factors of d(5)?
71
Let q(m) be the second derivative of 20*m**3/3 - 37*m**2 - 36*m. List the prime factors of q(13).
2, 223
Suppose 13 = 6*o - 17. Suppose 0*r - 2*r + o = -c, 0 = -2*c + 2. Let x(w) = 8*w**3 - 7*w**2 + w + 5. What are the prime factors of x(r)?
7, 23
Suppose 3*x - t = 13413 + 7880, 2*x + 4*t - 14200 = 0. What are the prime factors of x?
2, 3, 7, 13
Suppose 0 = 150*l - 2271574 - 4062776. What are the prime factors of l?
11, 349
Suppose 4 = -4*k, -13784 = 3*r + 5*k - 104757. What are the prime factors of r?
2, 59, 257
Let z be ((-8)/(-24))/((-408)/(-405) - 1). List the prime factors of 3*z*(-64)/(-24).
2, 3, 5
Let u = 15253 + 917. What are the prime factors of u?
2, 3, 5, 7, 11
Suppose -12 - 4 = 4*s, 2*c = -4*s + 976. Suppose 2*q - 6*q = c. Let j = 380 + q. What are the prime factors of j?
2
List the prime factors of (2 - 4 - (-42)/24)*-14708.
3677
Let b = -408 - -409. Let a(r) = 1355*r - 2. List the prime factors of a(b).
3, 11, 41
Suppose -9*l = -2560 - 5. Let t = l - 60. What are the prime factors of t?
3, 5
Let k = 46424 + -28344. List the prime factors of k.
2, 5, 113
Let t(n) = 2636*n**2 - 31*n - 58. What are the prime factors of t(-2)?
2, 3, 293
Suppose -160*q - 117270 = -175*q. What are the prime factors of q?
2, 3, 1303
Let r = 3446 + 3117. List the prime factors of r.
6563
Let q(s) = -s**2 + 15*s - 50. Let z be q(6). Suppose -z*r = -5*v + 2*v + 1161, r = -v + 380. What are the prime factors of v?
383
List the prime factors of (-50488680)/(-1496) + (-2)/17.
33749
Let t(d) = -d**2 - 57*d - 92. Let k be t(-38). Let j = 1751 - k. List the prime factors of j.
19, 59
Let c be 5/(55/(-2)) - 60/33. Let j(y) = -25*y - 6. Let o be j(c). Suppose o*l - 45*l + 214 = 0. List the prime factors of l.
2, 107
Let i = 157 - 152. Suppose -5*m - 3*v + 1277 = -0*v, -1249 = -i*m + 4*v. What are the prime factors of m?
11, 23
Suppose 4*x + 6 = 5*d, 3*d + 0*d = -2*x + 8. Suppose -d*a + 4*g = -0*g - 750, -2*a - 3*g + 750 = 0. List the prime factors of a.
3, 5
Suppose 2*v + 14660 = -4*p + 117008, -3*v + 153512 = -4*p. What are the prime factors of v?
2, 11, 1163
What are the prime factors of (142 + 1144)/((-2)/(-15) + 0)?
3, 5, 643
What are the prime factors of ((-400)/700)/(2/(-47222))?
2, 3373
Let h(u) = 116*u**2 - 3*u + 28. Let n be h(4). Suppose -n = 12*r - 21*r. What are the prime factors of r?
2, 13
Suppose 0 = -2*g + 7*g - 385. Let l = 118 - g. List the prime factors of l.
41
Suppose 19*o - 16*o + 12 = 0, -4*o = 3*p + 22. What are the prime factors of (-105)/p - (-1 + 6/12)?
53
Let v(g) = g**2 + g + 2. Suppose -10*a + 20 + 0 = 0. Suppose -3*j + a = 11. What are the prime factors of v(j)?
2
Let u = 17 + -30. Let i = u - -45. Let x = 14 + i. What are the prime factors of x?
2, 23
Let b(l) = 28*l - 170. Let k be b(6). What are the prime factors of (-1 - k)*(2 + (420 - 1))?
421
Let s be (4 - (-10280)/72) + (-4)/(-18). Suppose 0 = s*n - 151*n + 844. List the prime factors of n.
211
Suppose 0 = -2*y + 4*y - q - 108, 2*q = 5*y - 269. Let s = -53 + y. Suppose 5*b - 216 = c, 2*b - c + 3*c - 84 = s. List the prime factors of b.
43
Let c(z) = 4*z + 2. Let t be c(1). Suppose -148 = -t*p + 8*p. Let h = p - -182. List the prime factors of h.
2, 3
Let x(f) = 12*f**2 + 10*f - 79. List the prime factors of x(21).
11, 17, 29
Let c(v) = -9*v**2 - 5*v + v**3 - 2*v**3 - 6*v - 20. Let k be c(-8). List the prime factors of (k/2)/1*14.
2, 7
Suppose -526 = -11*m - 4926. What are the prime factors of (18/2)/((-12)/m)?
2, 3, 5
Let b(i) be the first derivative of -2*i + 25/2*i**2 + 6. List the prime factors of b(2).
2, 3
Let m = 259 + -189. Let q = 178 - m. What are the prime factors of q?
2, 3
Suppose -134*q - 293543 = -7185699. List the prime factors of q.
2, 25717
Let y = 28 - -32. Let o be ((-20)/y)/(1/(-147)). Let n = 56 - o. What are the prime factors of n?
7
Suppose 3*y + 0*w + 4*w = -11, 0 = -y - 4*w - 17. Suppose -4*c + 1832 = y*k - 209, k - 1537 = -3*c. What are the prime factors of c?
2, 257
Suppose 193 = 25*w - 357. Let g = 68 + w. What are the prime factors of g?
2, 3, 5
Let h be -2 + 1 - -4 - 3/3. Suppose 0 = 12*v - 14*v + h. List the prime factors of 11099/88 + v/(-8).
2, 3, 7
Let b(d) be the third derivative of 23*d**6/120 + d**5/60 - d**4/12 - d**3/3 + 3*d**2. Let c be b(-1). Let u = c + 41. List the prime factors of u.
19
Suppose 249*j + 73238 = 260*j. List the prime factors of j.
2, 3329
Let m = -29 + 41. Let x = -12 + m. Suppose x = -c + 28 + 7. List the prime factors of c.
5, 7
List the prime factors of ((-24)/30)/((-22)/621555) - 0.
2, 3, 3767
Suppose 2*b + 17276 = 106426. List the prime factors of b.
5, 1783
Let d = 609 + -210. What are the prime factors of d + -2 - 1*(9 - 6)?
2, 197
Let f(p) = 14*p - 2 + 3 + 1. Suppose -659*j = -652*j - 14. List the prime factors of f(j).
2, 3, 5
Let g be (6 - (-4 + 11)) + 2. List the prime factors of -7*5/(-35) + g + 517.
3, 173
Let w(y) = y**2 - 8*y - 16. Let u be w(10). Suppose -u*l + 4 = -3*a, -2*a + 6 = 5*l + 1. What are the prime factors of (l - 2) + 71 + -4?
2, 3, 11
Suppose -24*f + 487672 - 85840 = 0. List the prime factors of f.
3, 5581
Let g = 31917 - 15236.